4 - 974 = 0. Suppose 71*p = y*p + 1680. What is the greatest common factor of 160 and p?
40
Let m = 382 + -384. Let z be (m - 3 - -98) + 0. What is the greatest common divisor of z and 62?
31
Let b = 442 - 530. Let v = b - -95. What is the highest common factor of v and 77?
7
Let c(i) = 6*i + 53. Let v be c(-10). Suppose -2*w = -3 + 75. Let y be w/(-126) - 334/v. What is the greatest common factor of y and 16?
16
Suppose 203 + 159 = j. Let o = j - 274. Calculate the greatest common divisor of o and 55.
11
Suppose 3*y - 9 = -0*y, -2*y = -4*w - 422. Let r = 150 + w. Calculate the highest common divisor of 621 and r.
23
Suppose 2*k - 6*k = -4*b, -k + 9 = 2*b. Suppose -3*h + 91 = k*x - 41, -h + 48 = -x. Calculate the highest common divisor of 253 and h.
23
Suppose 10*t = 13*t - 2*j - 79, 5*j = 5*t - 135. Calculate the greatest common divisor of 1715 and t.
5
Let y(l) = l**2 + 22*l - 4231. Let b be y(55). What is the highest common factor of b and 6016?
4
Suppose -20*c = -18*c - 12, 33260 = 4*r - 4*c. What is the greatest common divisor of 53 and r?
53
Let v = -11 - -51. Let w(a) = 56*a + 391. Let h be w(-7). Let z(f) = 17*f**2 - 6*f - 7. Let p be z(h). Calculate the highest common factor of p and v.
8
Let k = 70 - 63. Let w be 23 - (-5 - -10) - k. What is the greatest common divisor of 22 and w?
11
Let v be (12/(-28) - (-7378380)/462) + 2/(-22). What is the greatest common factor of v and 10?
10
Suppose -5*z + 1793 = -2143 - 1599. What is the greatest common factor of z and 81?
27
Let a(d) = 2561*d - 2555. Let x be a(1). Calculate the highest common divisor of 13122 and x.
6
Suppose 34560 = 212*p - 204*p. What is the greatest common divisor of 9 and p?
9
Suppose -3*c + 13*j - 10*j = 621, 25 = -5*j. Let q be (0 + -6)/(-1) + c/(-2). What is the highest common factor of 80 and q?
16
Suppose -d - 5 = -4*v + 2*v, -v + 15 = 2*d. Suppose 0*j + d*u = 2*j - 113, -242 = -5*j - u. What is the greatest common divisor of j and 35?
7
Suppose -6*q = -326 + 56. Calculate the highest common divisor of 1143 and q.
9
Suppose 277*v = 33*v + 35868. What is the highest common divisor of v and 10437?
147
Let i(p) be the first derivative of -p**2 + 17*p + 8. Let z be i(7). Suppose 0 = 5*w, 3*w = -2*o + z*o - 22. Calculate the greatest common factor of 66 and o.
22
Let b = 1939 + -1927. What is the greatest common factor of 2192 and b?
4
Let f(n) = -n**3 + 6*n**2 + 13*n + 23. Let p be f(8). Let k be (4 - 3)*225 + 0 + p. Calculate the highest common factor of 128 and k.
32
Suppose 40*o - 216 = 31*o. Suppose -3*h + 3 = 9. Let s = 5 + h. Calculate the greatest common factor of o and s.
3
Let a be ((-12)/(-42))/((-1)/(-14)). What is the highest common factor of 916 and a?
4
Suppose -7*u - 90 = -9*u. Suppose -7*m + p - 427 = -11*m, -3*p - 84 = -m. What is the greatest common divisor of u and m?
15
Suppose -4*l + 1462 = -4734. Suppose -6*s + 3*d + l = -s, 5*s = -5*d + 1525. Suppose t + 28 = 5*t - 3*t. Calculate the highest common divisor of s and t.
28
Suppose 7 = -0*t + t - 2*z, 3*t - z = 16. Suppose 14*d - 801 = 529. What is the greatest common factor of t and d?
5
Let m(k) = -91*k**2 - 1820*k + 11. Let b be m(-20). What is the highest common factor of b and 11?
11
Suppose 0 = -3*r + 6*r - 27. Let p(x) = x + 18. Let v be p(r). Suppose 5*j - j + z = v, -2*z = -3*j + 34. Calculate the greatest common divisor of j and 72.
8
Let o = -54 - -38. Let b = 14 + o. Let j be -4 - (1 - b - 82). Calculate the greatest common factor of j and 15.
15
Let s = -8 - -14. Suppose 171*p = 172*p - 3. Let j = p + s. What is the highest common divisor of j and 18?
9
Let p = 9 - 5. Suppose 0 = -p*k - 5*f + 340, 203 = 4*k - 3*f - 137. Suppose -2*a = i - 4 - 11, -4*i + 67 = a. What is the highest common divisor of k and i?
17
Let j(u) = -2*u**3 + 26*u**2 + 2*u - 17. Let t be j(13). Let n be -15 + t + 10 + 96 + 0. What is the highest common divisor of 120 and n?
20
Let h be (66/(-12) + 4)*14. Let j be (-3 + (-15)/(-9))*h. Calculate the highest common divisor of 14 and j.
14
Suppose -3*j + 5*r - 98 + 572 = 0, 0 = -3*j - 4*r + 447. Suppose 0 = 17*x - 14*x - 51. Let i = 0 + x. What is the highest common divisor of i and j?
17
Let c = -192 + 638. Suppose -455*d + c*d + 8109 = 0. What is the highest common divisor of 53 and d?
53
Let u be (4 - (-44)/(-8)) + 236/8. Let l be u - (-4)/(-10)*10. What is the highest common divisor of l and 40?
8
Let m be (174/(-28)*8)/((-42)/441). Calculate the highest common factor of m and 18.
18
Let h = -5037 + 5039. What is the highest common factor of h and 386?
2
Let v(h) = 2*h**2 - 24*h + 25. Let g be v(12). Let y be -1*6*(g + -32). Calculate the greatest common divisor of y and 24.
6
Suppose 5*a - 68 = -38. Suppose -a*s + 14 = -4*s. Suppose -3*v = 5*h - s - 308, 2*h = 5*v + 95. Calculate the greatest common factor of h and 15.
15
Let h be (1 - 1)/(-2 - -4). Suppose h*q = q + 16. Let d = q - -97. What is the greatest common factor of 9 and d?
9
Let a = 108 + -64. Let z = 217 - 217. Let r = a - z. What is the highest common divisor of r and 33?
11
Let u(g) = 784*g + 475. Let m be u(17). Calculate the highest common divisor of m and 107.
107
Let i(r) = -r**3 - 15*r**2 - 11*r + 54. Suppose y + 374 - 360 = 0. Let t be i(y). What is the highest common factor of 24 and t?
12
Let h = 4532 - 4396. Suppose 2*j - 4*v + 13 = j, 28 = 4*j + 4*v. Suppose 20 = 2*l - 4*d, -6*d + 3*d = j. What is the highest common divisor of l and h?
8
Let w be (-1008)/(-171) + 2/19. Suppose k + w = 11, u - 3*k = -2. Suppose 0 = 3*r + 2*r - 195. What is the greatest common divisor of u and r?
13
Let j = -399 - -402. Let x be (-93)/(-3) - (1 + j + -5). Calculate the greatest common factor of x and 6.
2
Suppose 4*q + 8000 - 3046 = 5*z, 2038 = 2*z - 11*q. What is the highest common divisor of z and 290?
58
Suppose 0*l + 4*k - 556 = -4*l, l + 2*k = 138. Let y = -286 - -366. What is the highest common factor of y and l?
20
Suppose 0*g + 14 = -2*g - 5*c, -3*c - 12 = 0. Let h be -3*g/(-63) + 375/21. Let a be 12/(((-7)/(-12))/7). Calculate the greatest common divisor of a and h.
18
Suppose 3*q = f - 0*f - 1, 3*f - 3 = -3*q. Suppose q*l - 372 = 6*l. Let u = l + 72. Calculate the highest common divisor of 50 and u.
10
Suppose 29520 = 88*l + 98*l + 183*l. Let x = -782 + 1182. Calculate the highest common factor of l and x.
80
Suppose 4*h = -4*z + 58 + 70, -2*z + 4*h + 88 = 0. Suppose -37*j + 12 = -z*j. Calculate the highest common divisor of j and 12.
12
Suppose 0 = q - 2*h - 1880 + 382, 0 = h + 7. Calculate the greatest common factor of q and 70.
14
Let o be -3 - -14 - -1*2. Suppose r - o = g, 2*g + 23 = -4*r + 3. Let v be (g/9)/(8/(-120)). What is the highest common divisor of v and 80?
20
Suppose -b = 5*v + 17, 0*b + 2*v + 5 = -b. Suppose 10*l = -b*l + 624. Let h = -148 - -268. Calculate the highest common divisor of l and h.
24
Suppose 0 = 4*j + 3*r - 177, -358 + 468 = 3*j - r. Suppose 290 + 113 = k. Calculate the greatest common divisor of j and k.
13
Suppose -4*w = -6*i + i + 37, -2*w + 14 = 4*i. Suppose 47 = 3*q + 5*a, -q + 0*a + 19 = a. Let n = w + q. Calculate the highest common divisor of n and 42.
21
Suppose 3*k + 3*r - 450 = 36, 2*r - 158 = -k. Suppose 0 = -13*o + 12*o + k. What is the greatest common divisor of o and 415?
83
Let f(r) = -23*r - 9. Suppose -11*i - 2 - 9 = 0. Let s be f(i). Calculate the greatest common factor of 112 and s.
14
Suppose 0 = 3*t + 2*t - 200. Suppose 9*k - 8*k - 2*v + 1145 = 0, 0 = 3*k + 4*v + 3465. Let z = k - -1153. What is the greatest common divisor of t and z?
2
Suppose 0 = 5*w + m - 4*m - 74, -2*w + 20 = 2*m. Suppose -860 = -7*t - w*t. Calculate the greatest common factor of 473 and t.
43
Suppose 0 = 3*i + 1 - 7. Suppose -6 = 2*g, i*g - 3 = -j - 4. Let x = -4894 + 4939. What is the greatest common factor of x and j?
5
Let q = 54 - 3. Suppose -15*p + 3*n + 154 = -13*p, -p + 50 = 3*n. Calculate the highest common divisor of q and p.
17
Let y = 303 + -260. Suppose -7*m - 1800 = -y*m. Calculate the highest common divisor of m and 20.
10
Let i be 9/(((-270)/(-4))/(-9))*(-20330)/57. Calculate the greatest common factor of i and 16.
4
Suppose -193*v = -135*v - 42108. What is the greatest common divisor of 132 and v?
66
Suppose -18*d - 5*d + 31680 = -8*d. Calculate the grea